 What is the remainder when u is divided by 4?
3
Suppose -5*b = -28 - 22. Let p be 0/(1 - 0) - -2. What is the remainder when ((-1)/p)/((-3)/174) is divided by b?
9
Suppose 0 = -5*l + 2*f + 796, 5*l + 2*f - 248 = 536. Calculate the remainder when l is divided by 18.
14
Suppose 2*v = -5*l + 16, -1 = 5*l - l - 3*v. Suppose 47 = l*o - 15. Suppose 8*u = 3*u + 55. Calculate the remainder when o is divided by u.
9
Calculate the remainder when 118 is divided by 0 + (-25)/(-1) + (-14 - -13).
22
Suppose -5*m + 85 = r - 104, -4*m + 154 = -2*r. Calculate the remainder when m is divided by 14.
10
Let t(i) = -i**3 - 7*i**2 - 3*i - 5. Suppose 3*k = -11 - 10. Let v be t(k). What is the remainder when 2 is divided by (4/(-3))/(v/(-24))?
0
Let g(c) = -c**2 - 7*c + 11. Let n = 5 - 3. Let a be (8/3)/(n/(-6)). What is the remainder when 8 is divided by g(a)?
2
Suppose -3*w - 174 = 4*f, w - 341 = 5*f - 133. What is the remainder when (-36)/f*(30 - 2) is divided by 15 + (1 + -2 - 1)?
11
Let s(x) = 8*x**3 - 2*x**2 + 1. Calculate the remainder when s(1) is divided by 3.
1
Suppose -12*k + 16*k = 20. Suppose 3*b = i - 2*b + 18, -4*i + b = -23. What is the remainder when i is divided by k?
2
Let z(m) = -m**2 - 6*m - 1. Let i be z(-6). What is the remainder when 1 - (-3)/((-9)/(-12)) is divided by 6/(-2 - -4) + i?
1
Suppose -k - 12*k + 39 = 0. What is the remainder when 30 is divided by k?
0
Let z = 75 - 50. Calculate the remainder when 74 is divided by z.
24
Suppose -20 = -5*v + 65. What is the remainder when 61 is divided by v?
10
Let n(d) be the first derivative of d**3/3 - 5*d**2 - 3*d + 4. Calculate the remainder when 22 is divided by n(11).
6
Let l(j) = -10*j + 10*j + 8 + j**2. Let t be l(0). Calculate the remainder when 17 is divided by (-4)/(-2) - (1 - t).
8
Let j(v) = 10*v**3 - 2*v + 1. Let u be j(2). Let d = u + -7. Suppose -r = 2*c - d, -28 + 192 = 5*c - 3*r. Calculate the remainder when c is divided by 12.
10
Suppose -3 = b - 2*b. Suppose -b*u = -5*u + 8. Calculate the remainder when 13 is divided by u.
1
Suppose 0 = 2*r + 2*r. Suppose r = -5*p - 0 + 10. Suppose 0*a = -p*a + 20. Calculate the remainder when 29 is divided by a.
9
Let h = 85 + -72. Calculate the remainder when 35 is divided by h.
9
Suppose 5*c - 21 - 9 = 0. Suppose 0 = -g + c*g - 175. Suppose p + 2*r - 2 = 0, 0 = r - 2*r - 5. What is the remainder when g is divided by p?
11
Let n(z) = -z**2 - 16*z - 4. What is the remainder when n(-13) is divided by 9?
8
Suppose 5*w = -1 + 11. Let d = 25 - 21. What is the remainder when d is divided by w?
0
Let x = 19 + -16. Suppose s - x = t + 10, t - 57 = -4*s. Calculate the remainder when 27 is divided by s.
13
Suppose -r + 201 = 4*h, -2*r + r + 5 = 0. Calculate the remainder when h is divided by 13.
10
Let d(t) = t**3 + 13*t**2 + 13*t + 12. Let l be d(-12). Suppose -4*c = -l*c - 40. What is the remainder when c is divided by 6?
4
Suppose 0 = 2*d, -41*i - 3*d + 24 = -40*i. Let b = 77 + 16. What is the remainder when b is divided by i?
21
Let j(d) = -d**2 + 4*d - 1. Let u be j(2). Suppose -3*z - p = -24, 5*p = -u*z - 0 + 12. Calculate the remainder when z is divided by 6.
3
Suppose -h + 2*n + 1 - 3 = 0, -2*n = -5*h + 14. Suppose 4*w - 12 = -2*d, -4*d - h*w = -3*d - 6. Calculate the remainder when 9 is divided by d.
3
What is the remainder when 138 is divided by (24/(-28))/(6/(-21)) + 17?
18
Let m be 2/(-3) - 304/(-6). What is the remainder when m*1*(-6)/(-12) is divided by 13?
12
Let p(y) = y + 7. Let j be p(-3). Let n = j + 3. Calculate the remainder when 19 is divided by n.
5
Let p = 16 + -16. Suppose 4*c = -p*c + 24. What is the remainder when 10 is divided by c?
4
Suppose -3*o + 1 = -4*a, 5*a + o - 20 = -7. Suppose a*q - 4 = -4*w, -2*w + 6*w = -4. What is the remainder when 5 is divided by q?
1
Let m = -55 - -37. Suppose 232 = 5*n + 67. Let q = n + m. Calculate the remainder when 28 is divided by q.
13
Let r(q) = -13*q + 2. Let t be r(-2). Suppose 2*u = -2*u + t. Suppose -3*c + g = -53, 5*c - u*g + 3*g - 93 = 0. Calculate the remainder when c is divided by 9.
8
Suppose 15 = -2*b + 7*b. Calculate the remainder when 3 is divided by b.
0
What is the remainder when (-1*(-129)/(-5))/(1/(-5)) is divided by 26?
25
Suppose p - 5 = -2. Suppose -4*a - 25 = -3*n - 5*a, p*n = -5*a + 41. Calculate the remainder when n is divided by ((-3)/12)/(1/(-12)).
1
Suppose 4 = -2*x - 2*x. Calculate the remainder when (-88)/x*1/2 is divided by 30/12*(-6)/(-1).
14
Let l = 9 - 6. Let t(v) = -v**3 + 8*v**2 - 8*v + 9. Let s be t(7). Let y = s + l. What is the remainder when y is divided by 2?
1
Let c = 9 + -5. Let d be (-8)/(-12) + c/3. Suppose -6*n + n + d*w = -52, 2*w = -2. What is the remainder when 19 is divided by n?
9
Let p(m) = -m**3 + 6*m**2 - 4*m + 5. Let c be p(5). Suppose -2*g = 5*q - 41, q - c = -q - 4*g. Calculate the remainder when 15 is divided by q.
6
Let r(j) = -5*j + 4. Let c be r(2). Calculate the remainder when 29 - 1/1*1 is divided by 1*10/c*-6.
8
Let m(i) = -4*i + 1. Suppose -5*s - 2 = -3*s. Suppose -6 = -2*j - 2. What is the remainder when m(s) is divided by j?
1
Suppose 0 = 6*x - 2*x - 12. What is the remainder when x is divided by 2?
1
Let w = 77 - 63. Calculate the remainder when 36 is divided by w.
8
Let j be (48/(-9) - 0)*-3. Suppose 3*n + 4*g = j + 9, -2*n - g = -20. Calculate the remainder when 30 is divided by n.
8
Let u(h) = 3*h**3 + 3*h**2 - 3*h. What is the remainder when u(2) is divided by 1 - -1 - (3 + -17)?
14
Let q = -147 - -187. Let n(x) = 4*x - 2. What is the remainder when q is divided by n(4)?
12
Let x = -38 + 110. What is the remainder when x is divided by 40?
32
What is the remainder when 205 is divided by 24/12 - -1*17?
15
Suppose -x + 0*x = -4. Suppose -x*q - 26 = -5*t, t - 2*q - 10 = -0*q. Calculate the remainder when 2 is divided by t.
0
Suppose -2*u + 7 = -5*l, 0 = -0*l + l + 3. Let o = 1 + u. Calculate the remainder when 24 is divided by -3*(2 + 19/o).
11
Suppose -w + 4*s + 46 = 6*s, 5*w = -4*s + 242. What is the remainder when w is divided by 13?
11
Let l(n) = n**2 + 4 + 1 - 2*n**2 - 4*n - 2. Let c be l(-5). Calculate the remainder when 32 is divided by c/9 - 303/(-27).
10
Calculate the remainder when 2 is divided by (-70)/(-40) - 6/8.
0
Suppose c - 53 = 4*r, 7 = c - 3*r - 45. What is the remainder when c is divided by 5?
4
Let w be (-5)/15 + (-68)/(-6). What is the remainder when 29 is divided by (-326)/(-22) + 2/w?
14
Let j be (-10)/(-14) - 2/(-7). Let k(d) = 5*d**2 - 1. What is the remainder when 6 is divided by k(j)?
2
Let c(x) = x**2 + 4*x - 2. Let l = 16 + 2. Calculate the remainder when l is divided by c(-6).
8
Calculate the remainder when 37 is divided by 285/(-15)*(-1)/1.
18
Let o = -31 + 37. What is the remainder when 8 is divided by o?
2
Let r(g) be the second derivative of -g**5/20 + 3*g**4/4 - 2*g**3/3 + g**2 + 5*g. Calculate the remainder when r(8) is divided by 18.
16
Let i be (-5)/(2 + (-31)/15). Suppose -i = -5*o - 0*o. Calculate the remainder when o is divided by 6.
3
Let c(h) = -h**2 - 7*h + 1. Let l be 8/(-32) - (-51)/(-4). Let a = l + 14. Calculate the remainder when a is divided by c(-7).
0
Suppose y = -3*y - 12. Let j be 3 + (y - -4 - -2). Suppose j*b - 3*b = 12. What is the remainder when b is divided by 3?
1
Suppose 0 = p + 9*p - 350. Suppose 2*b - 24 = -0*b. What is the remainder when p is divided by b?
11
Let n(a) = -a**2 - 11*a. Let y be n(-8). Let z = -6 + y. Calculate the remainder when (-4)/z - 60/(-27) is divided by 2.
0
Suppose 5*m - 40 = m. Suppose 4*g = -2*i + m, -g = 5*i - 4*g - 12. Calculate the remainder when i is divided by 2.
1
Let v(w) = -w + 6. Let j be v(2). Suppose -3*g - 18 = -j*g. Calculate the remainder when g is divided by 5.
3
Suppose t + 4*s = -25 + 2, -5*t + 2*s = 5. Let h = 9 - t. Let p(z) = -z**3 + 3*z**2 + 3*z + 2. What is the remainder when p(-3) is divided by h?
11
Let b be 0 + 0*1/(-3). Suppose 2 + b = z. What is the remainder when (-2)/4*(2 - 12) is divided by z?
1
Let s(d) = 25*d**3 - d**2 - d + 1. Let l be -1 - (-2 - -3)*-1. Suppose -k + 13 = -l*k. Calculate the remainder when s(1) is divided by k.
11
Calculate the remainder when 4/18 - (-842)/18 is divided by 17.
13
Let q be 0/((3 + -1)*1). Suppose q*f - 42 = -3*f. What is the remainder when f is divided by (-2)/(-8) +